{"id":106,"date":"2023-12-20T20:25:13","date_gmt":"2023-12-20T19:25:13","guid":{"rendered":"https:\/\/www.orphelius-lazaar.de\/?page_id=106"},"modified":"2024-06-11T10:22:03","modified_gmt":"2024-06-11T08:22:03","slug":"info","status":"publish","type":"page","link":"https:\/\/www.orphelius-lazaar.de\/?page_id=106","title":{"rendered":"Info"},"content":{"rendered":"\n<figure class=\"wp-block-image alignfull size-large\"><img loading=\"lazy\" decoding=\"async\" width=\"1024\" height=\"205\" src=\"https:\/\/www.orphelius-lazaar.de\/wp-content\/uploads\/2024\/02\/banner_info-1024x205.jpg\" alt=\"\" class=\"wp-image-208\" srcset=\"https:\/\/www.orphelius-lazaar.de\/wp-content\/uploads\/2024\/02\/banner_info-1024x205.jpg 1024w, https:\/\/www.orphelius-lazaar.de\/wp-content\/uploads\/2024\/02\/banner_info-300x60.jpg 300w, https:\/\/www.orphelius-lazaar.de\/wp-content\/uploads\/2024\/02\/banner_info-768x154.jpg 768w, https:\/\/www.orphelius-lazaar.de\/wp-content\/uploads\/2024\/02\/banner_info-1536x307.jpg 1536w, https:\/\/www.orphelius-lazaar.de\/wp-content\/uploads\/2024\/02\/banner_info.jpg 2000w\" sizes=\"auto, (max-width: 1024px) 100vw, 1024px\" \/><\/figure>\n\n\n\n<h2 class=\"wp-block-heading\">Info<\/h2>\n\n\n\n<p>&nbsp;<\/p>\n\n\n\n<h3 class=\"wp-block-heading\">Kontakt<\/h3>\n\n\n\n<p class=\"has-text-color has-link-color has-large-font-size wp-elements-bff605a9db8ba8c54c92a51c92c002c1\" style=\"color:#32bcd1;font-style:italic;font-weight:800\"><strong>Orphelius Lazaar<\/strong><\/p>\n\n\n\n<p>Inh.: Rebecca Lange<br>Rathausplatz 6<br>76477 Elchesheim-Illingen<br>Tel.: 07245 10186<br>Email: <a href=\"mailto:info@orphelius-lazaar.de\" target=\"_blank\" rel=\"noreferrer noopener\">info@orphelius-lazaar.de<\/a><br>Web: <a href=\"https:\/\/www.orphelius-lazaar.de\" target=\"_blank\" rel=\"noreferrer noopener\">https:\/\/www.orphelius-lazaar.de<\/a><\/p>\n\n\n\n<p class=\"has-text-color has-link-color wp-elements-501504bb673a999fc1b5b2235a9d4d5f\" style=\"color:#32bcd1\"><strong>You don&#8217;t speak German? No problem, we speak English.<\/strong><\/p>\n\n\n\n<p>&nbsp;<\/p>\n\n\n\n<h3 class=\"wp-block-heading\">Anfahrt \/ Navigation<\/h3>\n\n\n\n<p><strong><mark style=\"background-color:rgba(0, 0, 0, 0);color:#32bcd1\" class=\"has-inline-color\">Achtung:<\/mark><\/strong> Wenn Du unsere Adresse in Dein Navi eingibst, f\u00fchrt es Dich auf die R\u00fcckseite des Geb\u00e4udes.<\/p>\n\n\n\n<p>Die Vorderseite erreichst Du \u00fcber die Rheinstra\u00dfe:<\/p>\n\n\n\n<ul class=\"wp-block-list\">\n<li>Wir sind gegen\u00fcber der katholischen Kirche, Rheinstra\u00dfe 15.<\/li>\n\n\n\n<li>Google Maps: <a href=\"https:\/\/maps.app.goo.gl\/B3wCZ6ieYvgwJMqJA\" target=\"_blank\" rel=\"noreferrer noopener\">https:\/\/maps.app.goo.gl\/B3wCZ6ieYvgwJMqJA<\/a><\/li>\n<\/ul>\n\n\n\n<p>&nbsp;<\/p>\n\n\n\n<h3 class=\"wp-block-heading\">\u00d6ffnungszeiten<\/h3>\n\n\n\n<figure class=\"wp-block-table\"><table class=\"has-fixed-layout\" style=\"border-style:none;border-width:0px\"><tbody><tr><td>Montag<\/td><td class=\"has-text-align-right\" data-align=\"right\">&nbsp;geschlossen<\/td><\/tr><tr><td>Dienstag<\/td><td class=\"has-text-align-right\" data-align=\"right\">10:00-13:00\u00a0\u00a0\u2022\u00a0\u00a014:00-19:00<\/td><\/tr><tr><td>Mittwoch<\/td><td class=\"has-text-align-right\" data-align=\"right\">10:00-13:00\u00a0\u00a0\u2022\u00a0\u00a014:00-19:00<\/td><\/tr><tr><td>Donnerstag<\/td><td class=\"has-text-align-right\" data-align=\"right\">10:00-14:00&nbsp;&nbsp;\u2022&nbsp;&nbsp;15:00-20:00<\/td><\/tr><tr><td>Freitag<\/td><td class=\"has-text-align-right\" data-align=\"right\">9:30-18:00<\/td><\/tr><tr><td>Samstag<\/td><td class=\"has-text-align-right\" data-align=\"right\">nur mit Terminvereinbarung<\/td><\/tr><tr><td>Sonntag<\/td><td class=\"has-text-align-right\" data-align=\"right\">geschlossen<\/td><\/tr><\/tbody><\/table><\/figure>\n","protected":false},"excerpt":{"rendered":"<p>Info &nbsp; Kontakt Orphelius Lazaar Inh.: Rebecca LangeRathausplatz 676477 Elchesheim-IllingenTel.: 07245 10186Email: info@orphelius-lazaar.deWeb: https:\/\/www.orphelius-lazaar.de You don&#8217;t speak German? No problem, we speak English. &nbsp; Anfahrt \/ Navigation Achtung: Wenn Du unsere Adresse in Dein Navi eingibst, f\u00fchrt es Dich auf die R\u00fcckseite des Geb\u00e4udes. Die Vorderseite erreichst Du \u00fcber die Rheinstra\u00dfe: &nbsp; \u00d6ffnungszeiten Montag &nbsp;geschlossen [&hellip;]<\/p>\n","protected":false},"author":1,"featured_media":0,"parent":0,"menu_order":0,"comment_status":"closed","ping_status":"closed","template":"page-no-title","meta":{"footnotes":""},"class_list":["post-106","page","type-page","status-publish","hentry"],"_links":{"self":[{"href":"https:\/\/www.orphelius-lazaar.de\/index.php?rest_route=\/wp\/v2\/pages\/106","targetHints":{"allow":["GET"]}}],"collection":[{"href":"https:\/\/www.orphelius-lazaar.de\/index.php?rest_route=\/wp\/v2\/pages"}],"about":[{"href":"https:\/\/www.orphelius-lazaar.de\/index.php?rest_route=\/wp\/v2\/types\/page"}],"author":[{"embeddable":true,"href":"https:\/\/www.orphelius-lazaar.de\/index.php?rest_route=\/wp\/v2\/users\/1"}],"replies":[{"embeddable":true,"href":"https:\/\/www.orphelius-lazaar.de\/index.php?rest_route=%2Fwp%2Fv2%2Fcomments&post=106"}],"version-history":[{"count":12,"href":"https:\/\/www.orphelius-lazaar.de\/index.php?rest_route=\/wp\/v2\/pages\/106\/revisions"}],"predecessor-version":[{"id":276,"href":"https:\/\/www.orphelius-lazaar.de\/index.php?rest_route=\/wp\/v2\/pages\/106\/revisions\/276"}],"wp:attachment":[{"href":"https:\/\/www.orphelius-lazaar.de\/index.php?rest_route=%2Fwp%2Fv2%2Fmedia&parent=106"}],"curies":[{"name":"wp","href":"https:\/\/api.w.org\/{rel}","templated":true}]}}